{"id":1450,"date":"2018-12-11T19:42:28","date_gmt":"2018-12-11T18:42:28","guid":{"rendered":"http:\/\/schuetzenverein-judenbach.de\/?page_id=1450"},"modified":"2018-12-11T19:51:48","modified_gmt":"2018-12-11T18:51:48","slug":"1-platz-ging-an-stefan-kramss","status":"publish","type":"page","link":"https:\/\/schuetzenverein-judenbach.de\/?page_id=1450","title":{"rendered":"1. Platz ging an Stefan Kram\u00df"},"content":{"rendered":"<p>Am 08.12.2018 fand die j\u00e4hrliche Landesdeligiertenkonferenz der Vorst\u00e4nde des BDS Th\u00fcringen in Eisenach statt. Neben dem obligatorischen Jahresr\u00fcckblick fand eine Siegerehrung der Landespokalschie\u00dfen statt. Bei den vier Meisterschaften in Eisenberg, Bad Tennsetdt, Beinerstadt und Judenbach wurde als bester Sch\u00fctze, mit dem 1. Platz Stefan Kram\u00df, durch den Pr\u00e4sidenten Steffen Ezell ausgezeichnet. In der Disziplin Langwaffe\/ 50m Distanz\/ offene Visierung erreichte Stefan 196 Ringe von m\u00f6glichen 200, im liegenden- freien Anschlag. Hierzu nochmals im Namen des Vorstandes und deiner Vereinsmitglieder unsere Gl\u00fcckw\u00fcnsche und<\/p>\n<p>Sch\u00fctzen Heil!<\/p>\n<p><img loading=\"lazy\" decoding=\"async\" class=\"alignnone wp-image-1451\" src=\"http:\/\/schuetzenverein-judenbach.de\/wp-content\/uploads\/2018\/12\/Landespokalschie\u00dfen-146x300.jpg\" alt=\"\" width=\"350\" height=\"719\"><\/p>\n","protected":false},"excerpt":{"rendered":"<p>Am 08.12.2018 fand die j\u00e4hrliche Landesdeligiertenkonferenz der Vorst\u00e4nde des BDS Th\u00fcringen in Eisenach statt. Neben dem obligatorischen Jahresr\u00fcckblick fand eine Siegerehrung der Landespokalschie\u00dfen statt. Bei den vier Meisterschaften in Eisenberg, Bad Tennsetdt, Beinerstadt und Judenbach wurde als bester Sch\u00fctze, mit dem 1. Platz Stefan Kram\u00df, durch den Pr\u00e4sidenten Steffen Ezell ausgezeichnet. In der Disziplin Langwaffe\/ &hellip; <a href=\"https:\/\/schuetzenverein-judenbach.de\/?page_id=1450\" class=\"more-link\"><span class=\"screen-reader-text\">1. Platz ging an Stefan Kram\u00df<\/span> weiterlesen<\/a><\/p>\n","protected":false},"author":1,"featured_media":0,"parent":0,"menu_order":0,"comment_status":"closed","ping_status":"closed","template":"","meta":{"ngg_post_thumbnail":0,"footnotes":""},"class_list":["post-1450","page","type-page","status-publish","hentry"],"_links":{"self":[{"href":"https:\/\/schuetzenverein-judenbach.de\/index.php?rest_route=\/wp\/v2\/pages\/1450","targetHints":{"allow":["GET"]}}],"collection":[{"href":"https:\/\/schuetzenverein-judenbach.de\/index.php?rest_route=\/wp\/v2\/pages"}],"about":[{"href":"https:\/\/schuetzenverein-judenbach.de\/index.php?rest_route=\/wp\/v2\/types\/page"}],"author":[{"embeddable":true,"href":"https:\/\/schuetzenverein-judenbach.de\/index.php?rest_route=\/wp\/v2\/users\/1"}],"replies":[{"embeddable":true,"href":"https:\/\/schuetzenverein-judenbach.de\/index.php?rest_route=%2Fwp%2Fv2%2Fcomments&post=1450"}],"version-history":[{"count":6,"href":"https:\/\/schuetzenverein-judenbach.de\/index.php?rest_route=\/wp\/v2\/pages\/1450\/revisions"}],"predecessor-version":[{"id":1460,"href":"https:\/\/schuetzenverein-judenbach.de\/index.php?rest_route=\/wp\/v2\/pages\/1450\/revisions\/1460"}],"wp:attachment":[{"href":"https:\/\/schuetzenverein-judenbach.de\/index.php?rest_route=%2Fwp%2Fv2%2Fmedia&parent=1450"}],"curies":[{"name":"wp","href":"https:\/\/api.w.org\/{rel}","templated":true}]}}

1. Platz ging an Stefan Kramß

<p>Am 08.12.2018 fand die jährliche Landesdeligiertenkonferenz der Vorstände des BDS Thüringen in Eisenach statt. Neben dem obligatorischen Jahresrückblick fand eine Siegerehrung der Landespokalschießen statt. Bei den vier Meisterschaften in Eisenberg, Bad Tennsetdt, Beinerstadt und Judenbach wurde als bester Schütze, mit dem 1. Platz Stefan Kramß, durch den Präsidenten Steffen Ezell ausgezeichnet. In der Disziplin Langwaffe/ 50m Distanz/ offene Visierung erreichte Stefan 196 Ringe von möglichen 200, im liegenden- freien Anschlag. Hierzu nochmals im Namen des Vorstandes und deiner Vereinsmitglieder unsere Glückwünsche und</p>
<p>Schützen Heil!</p>
<p><img loading="lazy" decoding="async" class="alignnone wp-image-1451" src="http://schuetzenverein-judenbach.de/wp-content/uploads/2018/12/Landespokalschießen-146x300.jpg" alt="" width="350" height="719"></p>

<p>Am 08.12.2018 fand die jährliche Landesdeligiertenkonferenz der Vorstände des BDS Thüringen in Eisenach statt. Neben dem obligatorischen Jahresrückblick fand eine Siegerehrung der Landespokalschießen statt. Bei den vier Meisterschaften in Eisenberg, Bad Tennsetdt, Beinerstadt und Judenbach wurde als bester Schütze, mit dem 1. Platz Stefan Kramß, durch den Präsidenten Steffen Ezell ausgezeichnet. In der Disziplin Langwaffe/ &hellip; <a href="https://schuetzenverein-judenbach.de/?page_id=1450" class="more-link"><span class="screen-reader-text">1. Platz ging an Stefan Kramß</span> weiterlesen</a></p>
