{"id":172,"date":"2017-09-03T21:39:54","date_gmt":"2017-09-03T20:39:54","guid":{"rendered":"http:\/\/schuetzenverein-judenbach.de\/?page_id=172"},"modified":"2026-02-17T08:34:47","modified_gmt":"2026-02-17T07:34:47","slug":"schiessstand","status":"publish","type":"page","link":"https:\/\/schuetzenverein-judenbach.de\/?page_id=172","title":{"rendered":"Schie\u00dfstand"},"content":{"rendered":"<h3>&nbsp;&nbsp;<\/h3>\n<p><img loading=\"lazy\" decoding=\"async\" class=\" wp-image-1584\" src=\"http:\/\/schuetzenverein-judenbach.de\/wp-content\/uploads\/2019\/02\/Schiessstand-300x225.jpg\" alt=\"\" width=\"596\" height=\"447\" srcset=\"https:\/\/schuetzenverein-judenbach.de\/wp-content\/uploads\/2019\/02\/Schiessstand-300x225.jpg 300w, https:\/\/schuetzenverein-judenbach.de\/wp-content\/uploads\/2019\/02\/Schiessstand-768x576.jpg 768w, https:\/\/schuetzenverein-judenbach.de\/wp-content\/uploads\/2019\/02\/Schiessstand-1024x768.jpg 1024w\" sizes=\"auto, (max-width: 596px) 100vw, 596px\" \/><\/p>\n\n\n<p><strong> Ausstattung:<\/strong> <\/p>\n\n\n\n<p>5 Bahnen a 25m bis 1500 Joule<\/p>\n\n\n\n<p>2 Bahnen a 50m mit Seilzuganlage bis 7000 Joule<\/p>\n\n\n\n<p>4 Bahnen a 100m mit Seilzuganlage bis 7000 Joule <\/p>\n\n\n\n<p>Auf 50m und 100m kann im stehend- angestrichenem Anschlag, liegend oder sitzend aufgelegt geschossen werden.Sie Sch\u00fctzenst\u00e4nde sind \u00fcberdacht.Die Ziele k\u00f6nnen bei Dunkelheit beleuchtet werden.<\/p>\n\n\n\n<p><strong><u>Unsere \u00d6ffnungszeiten:<\/u><\/strong><\/p>\n\n\n\n<p>Um ein stressfreies und entspannendes Schie\u00dftraining unseren Vereinsmitgliedern und Gastsch\u00fctzen, sowie J\u00e4gern zu erm\u00f6glichen, ist eine vorherige Anmeldung in der Woche w\u00fcnschenswert.<\/p>\n\n\n\n<p>Dies kannst Du am einfachsten \u00fcber WhatsApp t\u00e4tigen: <strong>0151 58501287<\/strong>.<\/p>\n\n\n\n<p>Die Schie\u00dfzeit findet je nach Tendenz am Samstag, von 13:00 bis 16:00 Uhr, bzw. sonntags zwischen 10:00 und 12:00 Uhr statt.<\/p>\n\n\n\n<p>Gesonderte Schie\u00dftermine f\u00fcr Gruppen (ab 5 Sch\u00fctzen) sind auch wochentags planbar.<\/p>\n\n\n\n<p>Schie\u00dfstand Judenbach, im Februar 2026<\/p>\n","protected":false},"excerpt":{"rendered":"<p>&nbsp;&nbsp; Ausstattung: 5 Bahnen a 25m bis 1500 Joule 2 Bahnen a 50m mit Seilzuganlage bis 7000 Joule 4 Bahnen a 100m mit Seilzuganlage bis 7000 Joule Auf 50m und 100m kann im stehend- angestrichenem Anschlag, liegend oder sitzend aufgelegt geschossen werden.Sie Sch\u00fctzenst\u00e4nde sind \u00fcberdacht.Die Ziele k\u00f6nnen bei Dunkelheit beleuchtet werden. Unsere \u00d6ffnungszeiten: Um ein &hellip; <a href=\"https:\/\/schuetzenverein-judenbach.de\/?page_id=172\" class=\"more-link\"><span class=\"screen-reader-text\">Schie\u00dfstand<\/span> weiterlesen<\/a><\/p>\n","protected":false},"author":1,"featured_media":0,"parent":0,"menu_order":0,"comment_status":"closed","ping_status":"closed","template":"","meta":{"ngg_post_thumbnail":0,"footnotes":""},"class_list":["post-172","page","type-page","status-publish","hentry"],"_links":{"self":[{"href":"https:\/\/schuetzenverein-judenbach.de\/index.php?rest_route=\/wp\/v2\/pages\/172","targetHints":{"allow":["GET"]}}],"collection":[{"href":"https:\/\/schuetzenverein-judenbach.de\/index.php?rest_route=\/wp\/v2\/pages"}],"about":[{"href":"https:\/\/schuetzenverein-judenbach.de\/index.php?rest_route=\/wp\/v2\/types\/page"}],"author":[{"embeddable":true,"href":"https:\/\/schuetzenverein-judenbach.de\/index.php?rest_route=\/wp\/v2\/users\/1"}],"replies":[{"embeddable":true,"href":"https:\/\/schuetzenverein-judenbach.de\/index.php?rest_route=%2Fwp%2Fv2%2Fcomments&post=172"}],"version-history":[{"count":12,"href":"https:\/\/schuetzenverein-judenbach.de\/index.php?rest_route=\/wp\/v2\/pages\/172\/revisions"}],"predecessor-version":[{"id":3561,"href":"https:\/\/schuetzenverein-judenbach.de\/index.php?rest_route=\/wp\/v2\/pages\/172\/revisions\/3561"}],"wp:attachment":[{"href":"https:\/\/schuetzenverein-judenbach.de\/index.php?rest_route=%2Fwp%2Fv2%2Fmedia&parent=172"}],"curies":[{"name":"wp","href":"https:\/\/api.w.org\/{rel}","templated":true}]}}