{"id":1824,"date":"2019-09-27T08:46:56","date_gmt":"2019-09-27T07:46:56","guid":{"rendered":"http:\/\/schuetzenverein-judenbach.de\/?page_id=1824"},"modified":"2019-09-27T08:46:56","modified_gmt":"2019-09-27T07:46:56","slug":"laufende-scheibe-laufender-keiler-wurde-am-21-09-2019-am-schiessstand-in-betrieb-genommen","status":"publish","type":"page","link":"https:\/\/schuetzenverein-judenbach.de\/?page_id=1824","title":{"rendered":"Laufende Scheibe (Laufender Keiler) wurde am 21.09.2019 am Schie\u00dfstand in Betrieb genommen"},"content":{"rendered":"\n<p>Am Samstag, dem 21. September 2019, wurde die Anlage:\nLaufende Scheibe bzw. Laufender Keiler am Schie\u00dfstand Judenbach erstmals in\nBetrieb genommen.Die Kreisj\u00e4gerschaft Sonneberg nutzte diese\nTrainngsm\u00f6glichkeit, um auf die bevorstehenden Dr\u00fcckjagaden bzw.\nBewegungsjagden auf Schwarzwild ger\u00fcstet zu sein.Eine Zielscheibe in\nLebensgr\u00f6\u00dfe eines \u00dcberl\u00e4ufers flitzt auf 50 Meter Distanz \u00fcber eine 6 Meter\nbreite Schie\u00dfsschneise.Aus der Bewegung heraus muss die Zielscheibe in den\nvorgegebenen Ringen getroffen werden, damit die \u00dcbung als erf\u00fcllt gilt.<\/p>\n\n\n\nngg_shortcode_0_placeholder\n","protected":false},"excerpt":{"rendered":"<p>Am Samstag, dem 21. September 2019, wurde die Anlage: Laufende Scheibe bzw. Laufender Keiler am Schie\u00dfstand Judenbach erstmals in Betrieb genommen.Die Kreisj\u00e4gerschaft Sonneberg nutzte diese Trainngsm\u00f6glichkeit, um auf die bevorstehenden Dr\u00fcckjagaden bzw. Bewegungsjagden auf Schwarzwild ger\u00fcstet zu sein.Eine Zielscheibe in Lebensgr\u00f6\u00dfe eines \u00dcberl\u00e4ufers flitzt auf 50 Meter Distanz \u00fcber eine 6 Meter breite Schie\u00dfsschneise.Aus der &hellip; <a href=\"https:\/\/schuetzenverein-judenbach.de\/?page_id=1824\" class=\"more-link\"><span class=\"screen-reader-text\">Laufende Scheibe (Laufender Keiler) wurde am 21.09.2019 am Schie\u00dfstand in Betrieb genommen<\/span> weiterlesen<\/a><\/p>\n","protected":false},"author":1,"featured_media":0,"parent":0,"menu_order":0,"comment_status":"closed","ping_status":"closed","template":"","meta":{"ngg_post_thumbnail":0,"footnotes":""},"class_list":["post-1824","page","type-page","status-publish","hentry"],"_links":{"self":[{"href":"https:\/\/schuetzenverein-judenbach.de\/index.php?rest_route=\/wp\/v2\/pages\/1824","targetHints":{"allow":["GET"]}}],"collection":[{"href":"https:\/\/schuetzenverein-judenbach.de\/index.php?rest_route=\/wp\/v2\/pages"}],"about":[{"href":"https:\/\/schuetzenverein-judenbach.de\/index.php?rest_route=\/wp\/v2\/types\/page"}],"author":[{"embeddable":true,"href":"https:\/\/schuetzenverein-judenbach.de\/index.php?rest_route=\/wp\/v2\/users\/1"}],"replies":[{"embeddable":true,"href":"https:\/\/schuetzenverein-judenbach.de\/index.php?rest_route=%2Fwp%2Fv2%2Fcomments&post=1824"}],"version-history":[{"count":1,"href":"https:\/\/schuetzenverein-judenbach.de\/index.php?rest_route=\/wp\/v2\/pages\/1824\/revisions"}],"predecessor-version":[{"id":1829,"href":"https:\/\/schuetzenverein-judenbach.de\/index.php?rest_route=\/wp\/v2\/pages\/1824\/revisions\/1829"}],"wp:attachment":[{"href":"https:\/\/schuetzenverein-judenbach.de\/index.php?rest_route=%2Fwp%2Fv2%2Fmedia&parent=1824"}],"curies":[{"name":"wp","href":"https:\/\/api.w.org\/{rel}","templated":true}]}}