{"id":2877,"date":"2023-09-16T10:24:12","date_gmt":"2023-09-16T09:24:12","guid":{"rendered":"https:\/\/schuetzenverein-judenbach.de\/?page_id=2877"},"modified":"2025-09-20T22:04:46","modified_gmt":"2025-09-20T21:04:46","slug":"fluechtiger-ueberlaeufer-09-23-schiessnachweis","status":"publish","type":"page","link":"https:\/\/schuetzenverein-judenbach.de\/?page_id=2877","title":{"rendered":"Fl\u00fcchtiger \u00dcberl\u00e4ufer Oktober-25 Schie\u00dfnachweis"},"content":{"rendered":"<a href=\"https:\/\/schuetzenverein-judenbach.de\/wp-content\/uploads\/2025\/09\/Fluechtiger-Ueberlaeufer-Oktober-25-Schiessnachweis.pdf\" class=\"pdfemb-viewer\" style=\"\" data-width=\"max\" data-height=\"max\" data-toolbar=\"top\" data-toolbar-fixed=\"off\">Fluechtiger-Ueberlaeufer-Oktober-25-Schiessnachweis<\/a>","protected":false},"excerpt":{"rendered":"","protected":false},"author":1,"featured_media":0,"parent":0,"menu_order":0,"comment_status":"closed","ping_status":"closed","template":"","meta":{"ngg_post_thumbnail":0,"footnotes":""},"class_list":["post-2877","page","type-page","status-publish","hentry"],"_links":{"self":[{"href":"https:\/\/schuetzenverein-judenbach.de\/index.php?rest_route=\/wp\/v2\/pages\/2877","targetHints":{"allow":["GET"]}}],"collection":[{"href":"https:\/\/schuetzenverein-judenbach.de\/index.php?rest_route=\/wp\/v2\/pages"}],"about":[{"href":"https:\/\/schuetzenverein-judenbach.de\/index.php?rest_route=\/wp\/v2\/types\/page"}],"author":[{"embeddable":true,"href":"https:\/\/schuetzenverein-judenbach.de\/index.php?rest_route=\/wp\/v2\/users\/1"}],"replies":[{"embeddable":true,"href":"https:\/\/schuetzenverein-judenbach.de\/index.php?rest_route=%2Fwp%2Fv2%2Fcomments&post=2877"}],"version-history":[{"count":4,"href":"https:\/\/schuetzenverein-judenbach.de\/index.php?rest_route=\/wp\/v2\/pages\/2877\/revisions"}],"predecessor-version":[{"id":3418,"href":"https:\/\/schuetzenverein-judenbach.de\/index.php?rest_route=\/wp\/v2\/pages\/2877\/revisions\/3418"}],"wp:attachment":[{"href":"https:\/\/schuetzenverein-judenbach.de\/index.php?rest_route=%2Fwp%2Fv2%2Fmedia&parent=2877"}],"curies":[{"name":"wp","href":"https:\/\/api.w.org\/{rel}","templated":true}]}}