{"id":3410,"date":"2025-09-11T16:35:29","date_gmt":"2025-09-11T15:35:29","guid":{"rendered":"https:\/\/schuetzenverein-judenbach.de\/?page_id=3410"},"modified":"2025-09-13T16:44:35","modified_gmt":"2025-09-13T15:44:35","slug":"schuetzenverein-judenbach-war-zur-deutschen-meisterschaft-in-philippsburg-vom-29-8-bis-31-8-2025-vertreten","status":"publish","type":"page","link":"https:\/\/schuetzenverein-judenbach.de\/?page_id=3410","title":{"rendered":"Sch\u00fctzenverein Judenbach war zur Deutschen Meisterschaft in Philippsburg, vom 29.8. bis 31.8.2025\u00a0 vertreten"},"content":{"rendered":"\n<p>Christian Faltinath, ein bereits &#8222;alter Fuchs&#8220; in den Kurz- und Langwaffendisziplinen des BDS, vertrat den SV Judenbach e.V. zu den Deutschen Meisterschaften des BDS in Philippsburg. Dort nahm er erfolgreich an 8 Disziplinen teil und landete auf vorderen, einstelligen Pl\u00e4tzen!<\/p>\n\n\n\n<p>F\u00fcr die Zukunft w\u00fcnschen wir Dir weiterhin Gut Schuss!<\/p>\n\n\n\n<p>Vorstand SV Judenbach e.V.&nbsp;<\/p>\n\n\n\n<figure class=\"wp-block-image size-large\"><img loading=\"lazy\" decoding=\"async\" width=\"1024\" height=\"576\" src=\"https:\/\/schuetzenverein-judenbach.de\/wp-content\/uploads\/2025\/09\/PHOTO-2025-09-08-21-29-01-1024x576.jpg\" alt=\"\" class=\"wp-image-3411\" srcset=\"https:\/\/schuetzenverein-judenbach.de\/wp-content\/uploads\/2025\/09\/PHOTO-2025-09-08-21-29-01-1024x576.jpg 1024w, https:\/\/schuetzenverein-judenbach.de\/wp-content\/uploads\/2025\/09\/PHOTO-2025-09-08-21-29-01-300x169.jpg 300w, https:\/\/schuetzenverein-judenbach.de\/wp-content\/uploads\/2025\/09\/PHOTO-2025-09-08-21-29-01-768x432.jpg 768w, https:\/\/schuetzenverein-judenbach.de\/wp-content\/uploads\/2025\/09\/PHOTO-2025-09-08-21-29-01-1536x865.jpg 1536w, https:\/\/schuetzenverein-judenbach.de\/wp-content\/uploads\/2025\/09\/PHOTO-2025-09-08-21-29-01.jpg 1910w\" sizes=\"auto, (max-width: 1024px) 100vw, 1024px\" \/><\/figure>\n","protected":false},"excerpt":{"rendered":"<p>Christian Faltinath, ein bereits &#8222;alter Fuchs&#8220; in den Kurz- und Langwaffendisziplinen des BDS, vertrat den SV Judenbach e.V. zu den Deutschen Meisterschaften des BDS in Philippsburg. Dort nahm er erfolgreich an 8 Disziplinen teil und landete auf vorderen, einstelligen Pl\u00e4tzen! F\u00fcr die Zukunft w\u00fcnschen wir Dir weiterhin Gut Schuss! Vorstand SV Judenbach e.V.&nbsp;<\/p>\n","protected":false},"author":1,"featured_media":0,"parent":0,"menu_order":0,"comment_status":"closed","ping_status":"closed","template":"","meta":{"ngg_post_thumbnail":0,"footnotes":""},"class_list":["post-3410","page","type-page","status-publish","hentry"],"_links":{"self":[{"href":"https:\/\/schuetzenverein-judenbach.de\/index.php?rest_route=\/wp\/v2\/pages\/3410","targetHints":{"allow":["GET"]}}],"collection":[{"href":"https:\/\/schuetzenverein-judenbach.de\/index.php?rest_route=\/wp\/v2\/pages"}],"about":[{"href":"https:\/\/schuetzenverein-judenbach.de\/index.php?rest_route=\/wp\/v2\/types\/page"}],"author":[{"embeddable":true,"href":"https:\/\/schuetzenverein-judenbach.de\/index.php?rest_route=\/wp\/v2\/users\/1"}],"replies":[{"embeddable":true,"href":"https:\/\/schuetzenverein-judenbach.de\/index.php?rest_route=%2Fwp%2Fv2%2Fcomments&post=3410"}],"version-history":[{"count":2,"href":"https:\/\/schuetzenverein-judenbach.de\/index.php?rest_route=\/wp\/v2\/pages\/3410\/revisions"}],"predecessor-version":[{"id":3415,"href":"https:\/\/schuetzenverein-judenbach.de\/index.php?rest_route=\/wp\/v2\/pages\/3410\/revisions\/3415"}],"wp:attachment":[{"href":"https:\/\/schuetzenverein-judenbach.de\/index.php?rest_route=%2Fwp%2Fv2%2Fmedia&parent=3410"}],"curies":[{"name":"wp","href":"https:\/\/api.w.org\/{rel}","templated":true}]}}