{"id":706,"date":"2017-09-04T17:27:37","date_gmt":"2017-09-04T16:27:37","guid":{"rendered":"http:\/\/schuetzenverein-judenbach.de\/?page_id=706"},"modified":"2017-09-04T17:27:37","modified_gmt":"2017-09-04T16:27:37","slug":"waffensachkunde-4-lehrgang-hat-stattgefunden","status":"publish","type":"page","link":"https:\/\/schuetzenverein-judenbach.de\/?page_id=706","title":{"rendered":"Waffensachkunde 4. Lehrgang hat stattgefunden"},"content":{"rendered":"<p><strong>Waffensachkundelehrgang in Judenbach hat zum 4. mal stattgefunden<\/strong><\/p>\n<p>Am Wochenende, vom 23.06.2017 bis zum 25.06.2017, war es wieder so weit f\u00fcr die &#8222;frischen&#8220; Sportsch\u00fctzen.<br \/>\nZur Ablegung der notwendigen Waffensachkundepr\u00fcfung startete der 4. Lehrgang am Schie\u00dfstand Judenbach, welcher von Willi Popp (Reservistenkameradschaft Obefranken\/ Nord) und Steffen Carl vom SV Judenbach durchgef\u00fchrt wurde.<\/p>\n<p>Entsprechend \u00a77\/I WaffG wurden die notwendigen Inhalte praktisch und theoretisch vermittelt. Hierzu z\u00e4hlte u.a. die sichere Waffenhandhabung, wie auch das praktische Schie\u00dfen auf der Schie\u00dfbahn. In der Theorie wurden die Rechtsvorschriften, Grundwissen zu Schusswaffen usw. vermittelt.<\/p>\n<p>Alle 14 Teilnehmer des Lehrgangs bestanden die abschlie\u00dfende schriftliche Pr\u00fcfung. Die Pr\u00fcflinge kamen aus verschiedenen Sch\u00fctzenvereinen: Coburg, Dolmar- K\u00fchndorf, Ludwigsstadt, Polizeisch\u00fctzenverein, Judenbach, Bachfeld und Neustadt\/Coburg. Die entsprechenden Urkunden werden in den n\u00e4chsten Tagen ausgeh\u00e4ndigt.<\/p>\n<p>Gut Schuss und Sch\u00fctzen Heil f\u00fcr die neuen Sportsch\u00fctzen!<\/p>\n<p>Steffen Carl, Vorstand SV Judenbach<\/p>\nngg_shortcode_0_placeholder\n","protected":false},"excerpt":{"rendered":"<p>Waffensachkundelehrgang in Judenbach hat zum 4. mal stattgefunden Am Wochenende, vom 23.06.2017 bis zum 25.06.2017, war es wieder so weit f\u00fcr die &#8222;frischen&#8220; Sportsch\u00fctzen. Zur Ablegung der notwendigen Waffensachkundepr\u00fcfung startete der 4. Lehrgang am Schie\u00dfstand Judenbach, welcher von Willi Popp (Reservistenkameradschaft Obefranken\/ Nord) und Steffen Carl vom SV Judenbach durchgef\u00fchrt wurde. Entsprechend \u00a77\/I WaffG wurden &hellip; <a href=\"https:\/\/schuetzenverein-judenbach.de\/?page_id=706\" class=\"more-link\"><span class=\"screen-reader-text\">Waffensachkunde 4. Lehrgang hat stattgefunden<\/span> weiterlesen<\/a><\/p>\n","protected":false},"author":1,"featured_media":0,"parent":0,"menu_order":0,"comment_status":"closed","ping_status":"closed","template":"","meta":{"ngg_post_thumbnail":0,"footnotes":""},"class_list":["post-706","page","type-page","status-publish","hentry"],"_links":{"self":[{"href":"https:\/\/schuetzenverein-judenbach.de\/index.php?rest_route=\/wp\/v2\/pages\/706","targetHints":{"allow":["GET"]}}],"collection":[{"href":"https:\/\/schuetzenverein-judenbach.de\/index.php?rest_route=\/wp\/v2\/pages"}],"about":[{"href":"https:\/\/schuetzenverein-judenbach.de\/index.php?rest_route=\/wp\/v2\/types\/page"}],"author":[{"embeddable":true,"href":"https:\/\/schuetzenverein-judenbach.de\/index.php?rest_route=\/wp\/v2\/users\/1"}],"replies":[{"embeddable":true,"href":"https:\/\/schuetzenverein-judenbach.de\/index.php?rest_route=%2Fwp%2Fv2%2Fcomments&post=706"}],"version-history":[{"count":1,"href":"https:\/\/schuetzenverein-judenbach.de\/index.php?rest_route=\/wp\/v2\/pages\/706\/revisions"}],"predecessor-version":[{"id":716,"href":"https:\/\/schuetzenverein-judenbach.de\/index.php?rest_route=\/wp\/v2\/pages\/706\/revisions\/716"}],"wp:attachment":[{"href":"https:\/\/schuetzenverein-judenbach.de\/index.php?rest_route=%2Fwp%2Fv2%2Fmedia&parent=706"}],"curies":[{"name":"wp","href":"https:\/\/api.w.org\/{rel}","templated":true}]}}